{"id":77,"date":"2018-08-07T08:47:19","date_gmt":"2018-08-07T06:47:19","guid":{"rendered":"http:\/\/nikolausstiftung.siegburg.info\/?page_id=77"},"modified":"2020-11-26T15:23:59","modified_gmt":"2020-11-26T14:23:59","slug":"ueber-uns","status":"publish","type":"page","link":"https:\/\/nikolausstiftung-siegburg.de\/index.php\/ueber-uns\/","title":{"rendered":"\u00dcber uns"},"content":{"rendered":"<h1>Gru\u00dfworte zur Nikolausstiftung<\/h1>\n<p><strong>Gru\u00dfwort von Herrn Alfred Keller (Stiftungsgr\u00fcnder)<\/strong><\/p>\n<p><img fetchpriority=\"high\" decoding=\"async\" class=\"alignleft size-medium wp-image-440\" src=\"https:\/\/nikolausstiftung-siegburg.de\/wp-content\/uploads\/2009\/06\/HrKeller_480-200x300.jpg\" alt=\"Herr Alfred Keller\" width=\"200\" height=\"300\" srcset=\"https:\/\/nikolausstiftung-siegburg.de\/wp-content\/uploads\/2009\/06\/HrKeller_480-200x300.jpg 200w, https:\/\/nikolausstiftung-siegburg.de\/wp-content\/uploads\/2009\/06\/HrKeller_480.jpg 320w\" sizes=\"(max-width: 200px) 100vw, 200px\" \/><\/p>\n<p>&nbsp;<\/p>\n<p>&nbsp;<\/p>\n<p>&nbsp;<\/p>\n<p>&nbsp;<\/p>\n<p>&nbsp;<\/p>\n<p>&nbsp;<\/p>\n<p>&nbsp;<\/p>\n<p>Herzlich willkommen bei der Nikolaus-Stiftung in Siegburg.<br \/>\nSeit 1840 ist Siegburg die Heimat meiner Familie und der Hauptsitz unseres Unternehmens. Soziale Verantwortung ist bei uns Tradition und so auch ein fester Bestandteil unserer Unternehmenskultur. Dabei ist es mir pers\u00f6nlich ein ganz besonderes Anliegen, der Stadt Siegburg, in der wir nun seit fast sieben Generationen leben, etwas zur\u00fcckzugeben. Hierbei liegt mir besonders das Wohl derjenigen am Herzen, die sich nicht selbst helfen k\u00f6nnen: Kinder und Jugendliche.<br \/>\nMit Gr\u00fcndung der Nikolaus-Stiftung unterst\u00fctze ich seit 2004 gezielt die Kinder- und Jugendarbeit in Siegburg. Die hierdurch gef\u00f6rderten Projekte haben dabei alle eines gemeinsam: Sie versch\u00f6nern und verbessern das Leben junger Menschen in Siegburg.<br \/>\nIch lade Sie nun ein, sich auf dieser Website \u00fcber die Aktivit\u00e4ten unserer Stiftung genauer zu informieren und freue mich darauf, zuk\u00fcnftig vielleicht auch gemeinsam mit Ihnen das junge Siegburg weitergestalten zu k\u00f6nnen. Denn eines sollten wir nie vergessen: Kinder sind unsere Zukunft und gemeinsam k\u00f6nnen wir noch mehr f\u00fcr sie bewegen.<\/p>\n<p>Herzlichen Dank!<br \/>\nIhr<br \/>\nAlfred Keller<br \/>\nVorsitzender des Stiftungsrats<\/p>\n<p>&nbsp;<\/p>\n<p><strong>Gru\u00dfwort von Herrn Stefan Rosemann (B\u00fcrgermeister der Kreisstadt Siegburg)<\/strong><\/p>\n<p><img decoding=\"async\" class=\"alignleft size-medium wp-image-681\" src=\"https:\/\/nikolausstiftung-siegburg.de\/wp-content\/uploads\/2004\/09\/17112020_BM-Foto_0050-200x300.jpg\" alt=\"B\u00fcrgermeister Stefan Rosemann\" width=\"200\" height=\"300\" srcset=\"https:\/\/nikolausstiftung-siegburg.de\/wp-content\/uploads\/2004\/09\/17112020_BM-Foto_0050-200x300.jpg 200w, https:\/\/nikolausstiftung-siegburg.de\/wp-content\/uploads\/2004\/09\/17112020_BM-Foto_0050-683x1024.jpg 683w, https:\/\/nikolausstiftung-siegburg.de\/wp-content\/uploads\/2004\/09\/17112020_BM-Foto_0050-768x1152.jpg 768w, https:\/\/nikolausstiftung-siegburg.de\/wp-content\/uploads\/2004\/09\/17112020_BM-Foto_0050-1024x1536.jpg 1024w, https:\/\/nikolausstiftung-siegburg.de\/wp-content\/uploads\/2004\/09\/17112020_BM-Foto_0050-1365x2048.jpg 1365w, https:\/\/nikolausstiftung-siegburg.de\/wp-content\/uploads\/2004\/09\/17112020_BM-Foto_0050-800x1200.jpg 800w, https:\/\/nikolausstiftung-siegburg.de\/wp-content\/uploads\/2004\/09\/17112020_BM-Foto_0050-scaled.jpg 1706w\" sizes=\"(max-width: 200px) 100vw, 200px\" \/><\/p>\n<p>&nbsp;<\/p>\n<p>&nbsp;<\/p>\n<p>&nbsp;<\/p>\n<p>&nbsp;<\/p>\n<p>&nbsp;<\/p>\n<p>&nbsp;<\/p>\n<p>&nbsp;<\/p>\n<p>Sehr geehrte Damen und Herren,<br \/>\nam 1. November 2020 habe ich mein Amt als Siegburger B\u00fcrgermeister angetreten. Damit sitze ich auch im Stiftungsrat der 2004 durch die Unternehmerfamilie Keller gegr\u00fcndeten Nikolausstiftung. Eine Aufgabe, die mir ganz besonders am Herzen liegt, da ich aus der Jugendarbeit komme und wei\u00df, dass jede St\u00e4rkung unserer Kinder uns als Gesellschaft st\u00e4rkt.<\/p>\n<p>Wer 2019 auf dem Markt die Performance \u201eM\u00fcll 2.0 \u2013 We\u2019re burning now\u201c gesehen hat, in der sich 30 Kinder und Jugendliche in Form eines Tanztheaters mit der Zerst\u00f6rung der Umwelt, dem Klimawandel, dem Artensterben und der Konsumgier auseinandersetzten, hat hautnah erlebt, wie wirkungsvoll die Nikolausstiftung arbeitet. Sie setzte sich f\u00fcr die Mimen ein und durfte sich mitfreuen, als die Akteure mit dem ersten Preis beim Bundeswettbewerb \u201eRauskommen!\u201c ausgezeichnet wurden. \u201eRauskommen!\u201c w\u00fcrdigt herausragende kulturp\u00e4dagogische Projekte.<\/p>\n<p>Seit Jahren hilft die Nikolausstiftung zudem bei der Finanzierung des Sommerleseclubs der Stadtbibliothek, in welchem junge Menschen sechs Wochen lang zum Lesen motiviert werden. Die Unterst\u00fctzung riss auch im Corona-Jahr 2020, in dem die Ferienveranstaltung abgesagt werden musste, nicht ab. Das vorgesehene Geld kam der Anschaffung neuer B\u00fccher f\u00fcr den Nachwuchs zu Gute.<\/p>\n<p>Die F\u00f6rderung der Stra\u00dfensozialarbeit und die \u201eBildung f\u00fcr nachhaltige Entwicklung\u201c an Siegburger Kindertageseinrichtungen sind weitere wichtige Anliegen der Stiftung.<\/p>\n<p>Ich danke der Familie Keller sowie allen Unterst\u00fctzern und Spendern herzlich, dass Sie das Leben junger Menschen auf so vielf\u00e4ltige Art und Weise begleiten, ihnen den Weg in die Welt der Erwachsenen erleichtern und bei der Pers\u00f6nlichkeitsentwicklung unterst\u00fctzen!<\/p>\n<p>Ihr<br \/>\nStefan Rosemann<br \/>\nMitglied des Stiftungsrates<\/p>\n<h1><\/h1>\n<p>&nbsp;<\/p>\n<h1><strong>Der Stiftungsgedanke<\/strong><\/h1>\n<p>Die Nikolausstiftung engagiert sich f\u00fcr die F\u00f6rderung von Kindern und Jugendlichen in der Kreisstadt Siegburg. Unsere Projekte konzentrieren sich daher besonders auf<\/p>\n<p>a) Betreiben von Einrichtungen f\u00fcr Kinder und Jugendliche in der Kreisstadt Siegburg, insbesondere auch von Kindertages- und Jugendtagesst\u00e4tten und Jugendeinrichtungen und\/oder Unterst\u00fctzen bestehender Einrichtungen in der Kreisstadt Siegburg,<\/p>\n<p>b) Zuwendungen an Personen und Organisationen in Siegburg, die sich der Kinder- und Jugendhilfe widmen;<\/p>\n<p>c) Allumfassende Kinder- und Jugendhilfe und \u2013pflege, soweit diese nicht zu den gesetzlichen Pflichtaufgaben der Kreisstadt Siegburg geh\u00f6ren;<\/p>\n<p>d) Unterst\u00fctzung von Integrationsbem\u00fchungen von in Siegburg wohnenden Kindern und Jugendlichen von Migranten.<\/p>\n<p>&nbsp;<\/p>\n<h1><strong>Die Satzung<\/strong><\/h1>\n<p>Die Satzung der Nikolausstiftung finden Sie <a href=\"http:\/\/nikolausstiftung-siegburg.de\/wp-content\/uploads\/2018\/08\/2018.07.31-Abschrift-der-Satzung-aus-der-Akte.pdf\" target=\"_blank\" rel=\"noopener noreferrer\">HIER<\/a><\/p>\n","protected":false},"excerpt":{"rendered":"<p>Gru\u00dfworte zur Nikolausstiftung Gru\u00dfwort von Herrn Alfred Keller (Stiftungsgr\u00fcnder) &nbsp; &nbsp; &nbsp; &nbsp; &nbsp; &nbsp; &nbsp; Herzlich willkommen bei der Nikolaus-Stiftung in Siegburg. Seit 1840 ist Siegburg die Heimat meiner Familie und der Hauptsitz unseres Unternehmens. Soziale Verantwortung ist bei uns Tradition und so auch ein fester Bestandteil unserer Unternehmenskultur. Dabei ist es mir pers\u00f6nlich ein ganz besonderes Anliegen, der Stadt Siegburg, in der wir nun seit fast sieben Generationen<\/p>\n<p><a class=\"more-link\" href=\"https:\/\/nikolausstiftung-siegburg.de\/index.php\/ueber-uns\/\">Weiterlesen<\/a><\/p>\n","protected":false},"author":1,"featured_media":0,"parent":0,"menu_order":0,"comment_status":"closed","ping_status":"closed","template":"","meta":{"footnotes":""},"class_list":["post-77","page","type-page","status-publish","hentry"],"_links":{"self":[{"href":"https:\/\/nikolausstiftung-siegburg.de\/index.php\/wp-json\/wp\/v2\/pages\/77","targetHints":{"allow":["GET"]}}],"collection":[{"href":"https:\/\/nikolausstiftung-siegburg.de\/index.php\/wp-json\/wp\/v2\/pages"}],"about":[{"href":"https:\/\/nikolausstiftung-siegburg.de\/index.php\/wp-json\/wp\/v2\/types\/page"}],"author":[{"embeddable":true,"href":"https:\/\/nikolausstiftung-siegburg.de\/index.php\/wp-json\/wp\/v2\/users\/1"}],"replies":[{"embeddable":true,"href":"https:\/\/nikolausstiftung-siegburg.de\/index.php\/wp-json\/wp\/v2\/comments?post=77"}],"version-history":[{"count":33,"href":"https:\/\/nikolausstiftung-siegburg.de\/index.php\/wp-json\/wp\/v2\/pages\/77\/revisions"}],"predecessor-version":[{"id":692,"href":"https:\/\/nikolausstiftung-siegburg.de\/index.php\/wp-json\/wp\/v2\/pages\/77\/revisions\/692"}],"wp:attachment":[{"href":"https:\/\/nikolausstiftung-siegburg.de\/index.php\/wp-json\/wp\/v2\/media?parent=77"}],"curies":[{"name":"wp","href":"https:\/\/api.w.org\/{rel}","templated":true}]}}